 the greatest common divisor of 192 and o.
24
Let a be (-1 + -1)*20/8 - -24. Let j = 109 + a. Calculate the highest common divisor of 48 and j.
16
Suppose 20 = 5*s + 75. Let j be 3/(s + -1) + (-177)/(-4). What is the greatest common divisor of 22 and j?
22
Let h = -64 - -53. Let t be (-6 - h)/10 + (-1633)/(-2). Suppose -2*k + 434 = 2*l, 5*k + 2*l - t - 280 = 0. Calculate the highest common divisor of 13 and k.
13
Suppose -14 - 130 = -12*o. Suppose 2*r - 20 = -u + o, -16 = -u + 2*r. What is the greatest common divisor of 232 and u?
8
Let j = -1953 - -1978. Calculate the highest common divisor of 3025 and j.
25
Suppose 5*a = u + 45 + 155, 5*a + u - 210 = 0. Suppose -5*i + a = -34. What is the greatest common divisor of 405 and i?
15
Let n = -1124 - -1390. What is the greatest common factor of 854 and n?
14
Let v(h) = -13*h - 57. Let s be v(-9). What is the highest common factor of 468 and s?
12
Suppose -2*j = -3*g + 298 + 1216, -3*j - 3 = 0. What is the highest common factor of g and 45?
9
Let l be (-6)/4*70/(-3). Let h be 14 + (6 - (-13 + 8)). What is the greatest common factor of h and l?
5
Let d be (-50)/325 + (-2563)/(-13). Let y = d - 134. Calculate the highest common divisor of y and 18.
9
Let y(m) = -m**3 - 7*m**2 - 13*m - 17. Let l be y(-9). Suppose -220 = 3*i - l. Calculate the greatest common factor of 10 and i.
2
Let l = 41 + -26. Suppose 5*v = -5*y + 35, -11*y + l*y + 2*v = 26. What is the greatest common factor of 192 and y?
6
Suppose 7*t - 14 = 9*t. Let l be (-2 - (-11)/7)*t. Suppose 0 = 4*w - l*w + k - 39, -5*k + 161 = 4*w. What is the highest common divisor of w and 136?
34
Let f be (-256)/(-24) - 10/(-3). What is the highest common factor of f and 6286?
14
Suppose -2*u + 7 = -3, 3*o - 3*u = -6. Let l be (-2)/(-5) + 18/5. Suppose n + n + 17 = 3*x, 4*n = -4*x - l. Calculate the greatest common factor of x and o.
3
Suppose 0 = 4*s - 1515 + 255. Let i = -296 + s. Suppose -3*x + 169 = 55. Calculate the greatest common factor of x and i.
19
Let v(j) = -24*j + 5. Let h be v(0). Let d(i) = i**3 - 21*i**2 + 40*i - 21. Let a be d(19). What is the greatest common divisor of h and a?
1
Let x = 2049 - -851. Calculate the highest common factor of 100 and x.
100
Let u be (-6 - 54/(-12))*(-3144)/9. Let n = 604 - u. What is the highest common factor of 1120 and n?
80
Suppose -2*i - 2*v + 1224 = -10, 0 = 3*i + v - 1863. What is the highest common divisor of i and 712?
89
Let s = 67 + -65. Let c be (1/8*s)/(19/684). Suppose 0*o - 4*g + 62 = 3*o, -42 = -2*o - 3*g. Calculate the greatest common factor of c and o.
9
Suppose -3*z = -4*q + 10, -5*z - 2 + 8 = -q. Suppose -z*h = -3*h - 33. Let s be 40/6*h/(-11). What is the highest common factor of 5 and s?
5
Suppose 0*b + 525 = 3*u - 3*b, -4*u - 3*b = -728. Suppose -18*v + u = -361. What is the highest common factor of v and 150?
30
Let c(b) = 77*b**2 - b. Let l be c(-1). Suppose 5*j = 7*j + m + 24, -5*j + 3*m = 71. Let y = 130 + j. What is the highest common factor of l and y?
39
Suppose -f - 11 + 72 = l, -1 = -l. Suppose 11*p = -4*h + 10*p + f, -5*p - 20 = 0. Calculate the greatest common divisor of h and 128.
16
Suppose 2 + 1 = -s. Let a be 1 + 4 - 1*s. Suppose -2*z = -4*z + a. Calculate the highest common factor of z and 32.
4
Let a = 30 - 16. Let n = a - 16. Let o be (-1 - -69) + 0*n/(-12). Calculate the highest common factor of o and 17.
17
Let s = -531 + 718. Suppose 4*h - 47 = 21. What is the greatest common factor of s and h?
17
Let j(y) = -9*y**3 - 5 + 8*y**3 - 19*y + 26 - y**2 - 19*y**2. Let w be j(-19). Let v = 59 - w. Calculate the greatest common divisor of v and 19.
19
Let m be ((-42)/9)/((-3)/9). Let x = 1263 - 1242. Let d = x - m. Calculate the greatest common divisor of d and 91.
7
Let i(o) = -2*o**3 - 61*o**2 - 41*o - 23. Let n be i(-30). Suppose n + 1569 = 14*f. What is the greatest common divisor of 67 and f?
67
Let c = -39 - -64. Suppose -5*d - 5 = -c. Let u be (4 - d) + (-8)/(-4). What is the greatest common factor of 16 and u?
2
Suppose f - 31 = -28, 0 = 5*r + 3*f - 4804. Suppose -r = -7*k - 119. What is the highest common factor of 24 and k?
24
Suppose -d + 4*s + 20 = 0, -66 = -4*d - 12*s + 14*s. What is the greatest common factor of d and 1?
1
Suppose -5*v + 1590 = -8*s + 5*s, -5*s = 3*v - 920. Calculate the highest common factor of v and 140.
35
Let k be 29/(-3 - (-7)/2) + -2. What is the highest common factor of k and 688?
8
Let h be (-7*-13*25)/(110/550). Calculate the greatest common factor of 91 and h.
91
Let b = 152 - 145. What is the greatest common divisor of 133 and b?
7
Let r be (-228)/(-44) - 2 - (-14)/(-77). Suppose -3*w - r = 0, 3*n - 6*w - 143 = -7*w. Calculate the greatest common factor of 216 and n.
24
Let r be ((-2)/20 + (-24)/60)*2. Let f be -10*r*(-5)/(-10) - -295. What is the greatest common factor of 24 and f?
12
Suppose 1954485 = 770*a - 601*a. Calculate the greatest common factor of a and 15.
15
Suppose -59659 = 19*q - 79913. Calculate the highest common factor of 338 and q.
26
Suppose 5*d + 0*d - 30 = 0. Suppose -2*k - 120 = -d*k. Let a be (k - 6) + 1/(-1). Calculate the highest common divisor of 1 and a.
1
Suppose 129*x - 592 = 182. Calculate the highest common factor of 726 and x.
6
Suppose y + 4*v + 13 = -17, 150 = -5*y - 2*v. Let w = y - -37. Suppose -h + 4*q = w, -2*h - 8*q + 22 = -4*q. Calculate the highest common factor of h and 55.
5
Suppose 3*l - 8*o - 1688 = -4*o, -o - 2 = 0. Calculate the highest common divisor of 208 and l.
16
Suppose 20*d - 18*d - 1216 = 0. Let y = -503 + d. Calculate the highest common divisor of y and 175.
35
Suppose 32655 = 1522*k - 1501*k. Calculate the greatest common factor of 15 and k.
5
Let f(g) = -g**2 + 21*g - 18. Let x be f(19). Suppose -10*b - x*b = -390. Calculate the greatest common divisor of 39 and b.
13
Let x = -306 + 432. Let d be (6/4)/(259/x - 2). What is the highest common factor of d and 90?
9
Suppose -5*f - 2*l + 28 + 4 = 0, -4*f = l - 25. Suppose 4 = -f*j + 8*j. Suppose j*n - w = 6, 6 = 3*w - 6. Calculate the highest common factor of 5 and n.
5
Let v(a) be the first derivative of 1/3*a**3 - 5/2*a**4 + 49 + 0*a**2 - 4*a. Let s be v(-2). What is the highest common factor of s and 32?
16
Suppose 33*c + 86 = 35*c. Let k(h) = 14 + 7*h + 3*h + 11. Let w be k(19). What is the highest common divisor of w and c?
43
Let k(b) be the first derivative of 3*b**2/2 + 153*b - 14. Let g be k(0). Let i be g/6*2/3. Calculate the greatest common divisor of 51 and i.
17
Suppose -3*n + 181 = -638. Let l = n + -183. Suppose -m = 2*m - l. Calculate the highest common divisor of 6 and m.
6
Let r be 2 - (1 - 2)*27. Suppose r - 39 = 5*p. Let z be p*(-5)/(15/21). Calculate the greatest common factor of 35 and z.
7
Let p(h) = 844*h + 9072. Let s be p(-4). What is the highest common divisor of 2492 and s?
356
Let o = -316 - -602. Let k = -51 - -77. What is the greatest common divisor of o and k?
26
Suppose 148 = -6*u + 5*u - 3*o, 12 = 3*o. Let b be (-192)/u - 579/(-5). Calculate the greatest common factor of b and 18.
9
Let h = -29558 - -29684. Calculate the highest common factor of 1946 and h.
14
Let o(u) = 9*u + 1 - 8 - 42*u. Let d be o(-3). Suppose 0 = -2*w - d + 422. What is the greatest common factor of w and 15?
15
Let a = -71 - -83. Suppose -8*d - 416 = -a*d. What is the greatest common factor of 8 and d?
8
Let h(s) be the second derivative of s**4/3 - s**3/6 - 13*s - 21. Let g be 4/2 + 0 - 0. Let j be h(g). What is the highest common divisor of 112 and j?
14
Suppose -35*m = -11187 + 3067. Calculate the highest common divisor of m and 1421.
29
Suppose -3*m - 2330 = -w + 1294, -w + 4*m = -3623. What is the highest common factor of w and 702?
117
Let b = 18248 - 13013. What is the greatest common factor of 60 and b?
15
Let s = 20423 - 16528. What is the highest common divisor of 943 and s?
41
Let b be ((-855)/(-76))/((-116)/(-96) - 1). Let g = 7 - -128. Calculate the greatest common divisor of g and b.
27
Suppose -261*p - 2782 + 6056 = -9515. Suppose -3*s = -2*s - 98. What is the greatest common factor of p and s?
49
Suppose -7*d - 1289 = 706. Let x be (52/12)/((-19)/d). Let u be (-1 + -5)*26/(-6). What is the greatest common divisor of u and x?
13
Suppose 71*y - 13*y = 523392. What is the greatest common factor of 576 a